43
Let m(n) = -11351*n + 90907. What is m(8)?
99
Let q(u) = 19*u**3 + 6*u**2 + 308*u - 972. Calculate q(3).
519
Let j(v) = -2*v**2 + 30*v + 900. Give j(27).
252
Let g(o) = -850*o - 587377. Give g(-691).
-27
Let z(y) = y**3 + 81*y**2 + 1594*y + 144. What is z(-48)?
-336
Let q(d) = 117*d**3 - 236*d**2 + 603*d - 1200. Give q(2).
-2
Let d(u) = -15*u**3 - 1622*u**2 + 1123*u + 144614. Give d(-108).
2
Let p(g) = 4*g**3 + g**2 + 21*g - 140. Calculate p(0).
-140
Let z(l) = 7*l**2 + 1667*l - 62332. Determine z(-271).
-2
Let d(n) = -680*n**2 + 4680*n + 565. What is d(7)?
5
Let r(c) = -260*c - 9795. Calculate r(-35).
-695
Let i(z) = z**3 + 56*z**2 + 68*z + 3818. Calculate i(-56).
10
Let o(k) = -103*k**2 + 30386*k + 182. Calculate o(295).
477
Let v(i) = 20*i**2 + 97*i + 215. Determine v(-6).
353
Let y(u) = -2*u**3 - 38*u**2 + 90*u + 2547. Give y(-10).
-153
Let b(j) = 3*j**3 + 36*j**2 + 48*j - 35. Give b(-2).
-11
Let u(t) = t**3 - 56*t**2 + 5*t - 565. What is u(56)?
-285
Let u(c) = 7*c**3 - 254*c**2 + 82*c - 125. Calculate u(36).
235
Let d(k) = -k**3 + 521*k**2 + 5298*k - 134. Calculate d(-10).
-14
Let h(x) = -3*x**2 + 209*x - 236. Calculate h(73).
-966
Let m(v) = 2*v**3 - 170*v**2 - 3014*v + 713. Determine m(100).
-687
Let f(i) = -191087*i + 955425. What is f(5)?
-10
Let o(m) = -2633*m - 3026. Give o(-1).
-393
Let n(l) = -23304*l - 163123. Give n(-7).
5
Let r(v) = -v**3 - 9*v**2 - 275*v - 3586. What is r(-11)?
-319
Let v(j) = j**3 - 18*j + 16. What is v(-11)?
-1117
Let u(c) = 41379*c + 786282. Determine u(-19).
81
Let v(s) = s**3 + 1278*s**2 - 26075*s - 149274. Determine v(-1298).
-4
Let n(i) = 37*i**3 - 5*i**2 + 3195*i - 3191. Calculate n(1).
36
Let g(b) = -291217*b + 1456210. What is g(5)?
125
Let g(z) = -839*z**2 - 22655*z - 93. What is g(-27)?
-39
Let t(l) = l**3 - 62*l**2 - 3249*l - 1466. What is t(96)?
-26
Let h(b) = b**3 - 200*b**2 - 6406*b - 674. Give h(-28).
-58
Let z(v) = 2*v**3 - 230*v - 1101. Determine z(-7).
-177
Let q(y) = -152*y + 592. Give q(16).
-1840
Let q(k) = 32374*k - 388492. Determine q(12).
-4
Let t(u) = -6*u**3 - 39*u**2 + 56*u - 53. What is t(-8)?
75
Let v(i) = 968*i**2 + 4855*i + 40. What is v(-5)?
-35
Let n(j) = -j**2 + 132860*j - 797108. Determine n(6).
16
Let n(a) = 475*a**2 - 5130*a - 1050. Calculate n(11).
-5
Let i(u) = 53*u**2 + 162*u + 163. Give i(-8).
2259
Let q(w) = -4*w**2 - 97*w + 6114. Calculate q(28).
262
Let h(n) = -3*n**2 - 150*n - 17. Calculate h(-25).
1858
Let h(d) = 3295*d + 757908. Calculate h(-230).
58
Let b(g) = 54*g**2 + 1427*g + 636. Calculate b(-26).
38
Let t(x) = 2*x**2 - 10920*x - 908898. Give t(-82).
-10
Let c(g) = -1799*g - 1557964. Determine c(-866).
-30
Let i(r) = r**3 + 36*r**2 + 164*r - 2015. Calculate i(-14).
1
Let y(t) = -t**3 + 23*t**2 - 127*t + 186. Calculate y(15).
81
Let m(q) = -q**2 - 1206*q - 54476. Calculate m(-47).
-3
Let s(d) = -4*d**2 - 234*d + 9036. Calculate s(-85).
26
Let x(m) = -2*m**2 - 7097*m - 3927350. What is x(-686)?
0
Let c(k) = -1082*k + 252181. What is c(233)?
75
Let d(w) = 7285*w + 36466. Give d(-5).
41
Let t(m) = -168*m + 4232. Give t(-8).
5576
Let a(g) = -183*g - 298. What is a(1)?
-481
Let d(q) = -5*q**3 + 121*q**2 - 475*q + 286. Give d(4).
2
Let k(u) = 892*u + 61428. Determine k(-69).
-120
Let f(a) = 5*a**2 + 249*a + 872. Determine f(-46).
-2
Let t(x) = x**3 - 521*x**2 - 5293*x + 175. What is t(-10)?
5
Let d(n) = -n**3 - 492*n**2 + 9695*n - 7155. Determine d(-511).
-1
Let o(r) = -r**3 - 9*r**2 + 103*r + 3. Calculate o(-18).
1065
Let o(y) = -74*y**3 + 263*y**2 + 58*y + 293. Give o(4).
-3
Let c(h) = -69*h**3 - 1864*h**2 - 12*h + 82. What is c(-27)?
-323
Let v(z) = 19*z**3 - 139*z**2 - 12*z + 52. Calculate v(8).
788
Let z(j) = -j**3 - 301*j**2 - 17966*j - 1115. Calculate z(-219).
637
Let q(i) = 4919*i + 1441263. Determine q(-293).
-4
Let v(o) = 205*o**2 + 1718*o + 610. Calculate v(-8).
-14
Let u(m) = -237948*m - 2617431. Calculate u(-11).
-3
Let o(k) = 6274*k - 3645191. Determine o(581).
3
Let a(o) = 16*o**3 - o**2 + 6679*o + 13359. Calculate a(-2).
-131
Let j(b) = b**3 + 116*b**2 + 2866*b - 157. Give j(-36).
347
Let w(a) = 33372*a - 901050. Determine w(27).
-6
Let q(b) = 300*b**2 - 7469*b + 29. What is q(25)?
804
Let f(b) = 2*b**2 + 505*b + 31506. Determine f(-140).
6
Let p(u) = 4*u**3 + 63*u**2 + 31*u - 235. Give p(-15).
-25
Let i(x) = x**2 + 2395*x + 75607. Calculate i(-32).
-9
Let y(o) = 2*o**2 + 82*o + 488. Give y(-36).
128
Let o(f) = -430*f - 21929. Determine o(-51).
1
Let r(g) = 199*g**3 + 2*g**2 - 15*g + 7. What is r(2)?
1577
Let i(r) = r**3 + 46*r**2 + 492*r - 41. What is i(-17)?
-24
Let z(o) = 2*o**3 - 5*o**2 - 250*o + 590. Give z(-11).
73
Let o(i) = 71*i**2 + 90*i + 560. Determine o(-6).
2576
Let s(g) = -g**3 + 355*g**2 + 9906*g - 11. What is s(-26)?
-11
Let o(g) = -681*g + 7977. Calculate o(12).
-195
Let r(x) = -227*x**3 - 4*x. Calculate r(2).
-1824
Let r(h) = 10477*h - 10455. What is r(1)?
22
Let z(o) = o**2 + 3332*o + 3336. Give z(-1).
5
Let k(l) = 3*l**3 - 21*l**2 - 2*l + 5. Calculate k(6).
-115
Let g(r) = 12*r**2 - 1961*r + 32972. Determine g(19).
45
Let g(h) = -3*h**2 - 790*h - 13303. Calculate g(-18).
-55
Let y(n) = -1070*n - 939247. Determine y(-878).
213
Let r(w) = -298266*w - 2386136. What is r(-8)?
-8
Let s(t) = -t**2 - 2088*t + 702994. What is s(295)?
9
Let i(n) = -n**2 + 73944*n + 961452. Give i(-13).
11
Let f(w) = 2*w**2 + 559*w - 51702. Calculate f(73).
-237
Let w(m) = m**2 - 8621*m - 34443. Calculate w(-4).
57
Let o(v) = 80*v - 3118. Determine o(36).
-238
Let w(z) = -265906*z - 1861391. Give w(-7).
-49
Let f(j) = 29*j**2 + 212*j + 621. Give f(-11).
1798
Let i(h) = h**2 - 1495*h - 532230. Determine i(-297).
-6
Let m(c) = -36*c**2 - 9858*c - 17956. Give m(-272).
-4
Let o(l) = 3372*l + 425339. What is o(-126)?
467
Let p(r) = 2*r**3 - 59*r**2 - 15*r + 499. Determine p(3).
-23
Let j(z) = -11*z**2 - 6824*z + 54629. What is j(8)?
-667
Let c(n) = -157*n - 12869. Determine c(-57).
-3920
Let t(q) = -198*q**3 + 118403*q**2 + 595*q + 1831. Give t(598).
37
Let i(o) = 2*o**3 - 70*o**2 - 23*o + 2974. Calculate i(34).
-120
Let m(k) = 207534*k + 415060. What is m(-2)?
-8
Let c(x) = 74*x**2 - 2222*x + 32. What is c(30)?
-28
Let f(h) = h**3 - 3*h**2 + 3415*h - 13676. Give f(4).
0
Let p(f) = 22*f**2 + 735*f - 343. What is p(-37)?
2580
Let z(t) = 457*t**2 - 45215*t - 2753. Give z(99).
19
Let q(x) = 52*x**3 + 150*x**2 - 6*x - 3. What is q(-4)?
-907
Let z(s) = -156*s - 20014. What is z(-129)?
110
Let y(g) = -16320*g - 962827. Determine y(-59).
53
Let m(u) = -9472*u - 123129. What is m(-13)?
7
Let n(p) = 15*p**2 - 956*p + 3446. Give n(4).
-138
Let x(y) = -2*y**3 + 62*y**2 + 660*y + 222. Calculate x(39).
1626
Let o(d) = -12*d**2 + 72*d + 1385. Determine o(14).
41
Let r(t) = -t**2 + 24*t + 1545. Give r(60).
-615
Let m(d) = -48*d - 1444. Give m(103).
-6388
Let t(k) = -932*k - 6870. Determine t(-7).
-346
Let x(h) = 1629*h + 14363. Determine x(-7).
2960
Let i(g) = g**3 + 12*g**2 + 15448*g + 201095. Give i(-13).
102
Let r(k) = -66404*k + 66634. Calculate r(1).
230
Let j(g) = 5*g**2 + 357*g + 819. Calculate j(-69).
-9
Let j(w) = -w**3 + 150*w**2 - 114*w + 39980. Calculate j(151).
-35
Let i(p) = 2*p**3 - 75*p**2 - 254*p + 5240. What is i(39)?
-103
Let j(u) = 10253*u + 10195. Calculate j(-1).
-58
Let r(b) = b**2 - 6610*b - 2015363. Determine r(-292).
21
Let t(b) = -3220*b + 9744. Calculate t(3).
84
Let v(s) = 546*s + 2249. Calculate v(-4).
65
Let k(h) = -35*h**3 + 387*h**2 + 8*h - 317. What is k(11)?
13
Let x(r) = 6*r**3 + 14*r**2 + 9*r - 121. Give x(5).
1024
Let s(o) = -3*o**3 - 25*o**2 - 13295*o - 119802. Give s(-9).
15
Let i(k) = 11376*k - 49801. Determine i(4).
-4297
Let r(j) = 2393*j + 167521. Give r(-70).
11
Let h(y) = 309*y - 6143. Calculate h(20).
37
Let d(m) = -5*m**3 - 16*m**2 + 49*m + 221. Calculate d(-4).
89
Let h(w) = -9*w**2 - 1285*w + 110. Calculate h(-143).
-176
Let f(c) = 42081*c - 1094026. Calculate f(26).
80
Let h(r) = r**2 + 37*r + 475. Give h(-27).
205
Let f(j) = -j**3 - 1400*j**2 - 148945*j - 1287. Give f(-1284).
-3
Let a(r) = 6462*r + 303727. What is a(-47)?
13
Let w(x) = 12*x**2 + 126*x - 386. Determine w(3).
100
Let n(x) = 3938*x - 7893. What is n(2)?
-17
Let o(j) = 72661*j + 6248852. What is o(-86)?
6
Let l(x) = -x**3 + 148*x**2 + 127*x - 18783. Cal